n factor of 5859 and 476253?
837
What is the highest common divisor of 672 and 39438?
42
What is the greatest common divisor of 173677 and 574?
7
Calculate the greatest common divisor of 34203 and 39.
39
What is the highest common divisor of 4 and 25514?
2
Calculate the highest common factor of 1083 and 7087.
19
Calculate the greatest common divisor of 2162 and 121918.
94
Calculate the highest common factor of 296718 and 204.
102
Calculate the greatest common factor of 33 and 161601.
33
What is the greatest common divisor of 1308 and 1401522?
654
What is the greatest common factor of 10523 and 39616?
619
What is the highest common factor of 2674 and 30506?
14
What is the highest common factor of 207 and 4104?
9
What is the highest common divisor of 5 and 4604555?
5
What is the greatest common factor of 2970 and 319?
11
What is the greatest common divisor of 136 and 17306?
34
What is the greatest common factor of 3664 and 5?
1
What is the highest common divisor of 27465 and 33?
3
What is the greatest common factor of 12 and 38432?
4
Calculate the greatest common factor of 1226728 and 4071.
1357
Calculate the greatest common factor of 786 and 122092.
262
What is the highest common divisor of 2308 and 16?
4
Calculate the highest common factor of 234 and 20583.
9
Calculate the highest common factor of 242066 and 22.
22
What is the highest common factor of 232225 and 1400?
175
Calculate the greatest common divisor of 2099928 and 944.
472
Calculate the greatest common divisor of 68 and 298503.
17
What is the greatest common divisor of 7461 and 72?
9
Calculate the greatest common factor of 78 and 684840.
78
Calculate the highest common factor of 5787964 and 364.
364
What is the highest common factor of 1050039 and 17?
17
Calculate the highest common factor of 344540 and 28.
28
Calculate the greatest common divisor of 470 and 1939690.
470
What is the highest common divisor of 469989 and 2535?
507
Calculate the greatest common factor of 792 and 11022.
66
What is the highest common factor of 257650 and 750?
50
What is the greatest common factor of 14451 and 3?
3
Calculate the highest common factor of 1 and 1091845.
1
Calculate the highest common factor of 2664 and 109368.
72
What is the highest common divisor of 15 and 8000?
5
Calculate the highest common factor of 3227 and 2683942.
461
What is the greatest common divisor of 3366 and 85?
17
What is the greatest common factor of 1527 and 21?
3
Calculate the greatest common factor of 1110 and 4662.
222
What is the greatest common factor of 154 and 324863?
77
Calculate the highest common factor of 5575595 and 215.
215
What is the highest common factor of 749 and 1092791?
749
What is the greatest common divisor of 2761 and 671?
11
What is the greatest common factor of 6248 and 5984?
88
What is the highest common divisor of 91680 and 68160?
480
Calculate the greatest common divisor of 4145747 and 101.
101
Calculate the highest common divisor of 278 and 4792442.
278
Calculate the highest common factor of 14808 and 216.
24
Calculate the highest common factor of 588 and 1030596.
84
What is the greatest common divisor of 1 and 272242?
1
Calculate the highest common divisor of 25 and 100625.
25
Calculate the greatest common factor of 770 and 42130.
110
Calculate the greatest common factor of 9785 and 152.
19
What is the greatest common divisor of 63394 and 522?
58
What is the greatest common divisor of 2944694 and 4938?
1646
Calculate the highest common divisor of 1863 and 1728.
27
What is the highest common factor of 861 and 925001?
287
What is the highest common factor of 340326 and 18834?
438
Calculate the greatest common factor of 16150 and 117725.
425
What is the highest common divisor of 54692 and 6292?
484
Calculate the greatest common factor of 2409002 and 34.
34
What is the greatest common factor of 492524 and 85?
17
Calculate the highest common divisor of 21280 and 1140.
380
What is the highest common divisor of 9603 and 38703?
291
Calculate the highest common factor of 231030 and 306.
306
What is the greatest common factor of 690279 and 258?
129
What is the highest common factor of 16050681 and 9?
9
Calculate the highest common divisor of 7550 and 4525.
25
Calculate the highest common divisor of 4 and 23486.
2
Calculate the greatest common divisor of 2233245 and 70.
35
What is the greatest common divisor of 7712 and 1205?
241
Calculate the highest common divisor of 31561 and 703.
37
What is the highest common divisor of 77 and 285593?
77
Calculate the greatest common divisor of 146 and 208634.
146
Calculate the highest common factor of 7739699 and 473.
473
What is the greatest common factor of 25298 and 2002?
182
What is the greatest common factor of 1956 and 5520?
12
Calculate the highest common factor of 66 and 405460.
22
Calculate the highest common factor of 387 and 183739.
43
Calculate the highest common factor of 5005 and 102817.
143
What is the highest common divisor of 259147 and 63?
7
Calculate the highest common divisor of 1135760 and 4.
4
Calculate the greatest common factor of 3718 and 2288.
286
Calculate the greatest common factor of 630616 and 154.
14
What is the highest common divisor of 1172 and 73250?
586
What is the highest common factor of 4416 and 2484?
276
Calculate the highest common divisor of 1797 and 159.
3
Calculate the greatest common divisor of 112548 and 3984.
996
Calculate the greatest common divisor of 432 and 129024.
144
Calculate the highest common divisor of 5512 and 16.
8
Calculate the greatest common factor of 252992 and 128.
64
What is the greatest common factor of 262631 and 362?
181
Calculate the greatest common divisor of 6424 and 396.
44
What is the highest common factor of 120 and 78420?
60
What is the highest common factor of 63 and 1614123?
63
What is the highest common factor of 1420 and 1820?
20
What is the highest common factor of 27853 and 207?
23
What is the greatest common factor of 180 and 214956?
36
Calculate the highest common divisor of 104 and 74516.
52
What is the highest common factor of 47709 and 38?
19
Calculate the highest common factor of 26763 and 1122.
33
Calculate the highest common factor of 5388 and 12168.
12
Calculate the greatest common factor of 416016 and 256.
16
What is the greatest common divisor of 951885 and 198?
99
Calculate the highest common divisor of 58016 and 13098.
74
What is the greatest common divisor of 55710 and 10?
10
What is the greatest common divisor of 36 and 3159414?
18
Calculate the greatest common factor of 14 and 15714.
2
Calculate the greatest common divisor of 1417 and 13189.
109
What is the highest common divisor of 66645 and 45?
45
Calculate the highest common divisor of 205275 and 23.
23
Calculate the highest common divisor of 72 and 45702.
18
Calculate the greatest common divisor of 3432 and 51285.
39
What is the highest common divisor of 47036 and 110?
22
What is the greatest common factor of 75114 and 54?
54
What is the highest common divisor of 359682 and 8337?
1191
Calculate the highest common divisor of 12 and 20796.
12
Calculate the highest common divisor of 73 and 2263.
73
Calculate the greatest common divisor of 1167 and 2427.
3
What is the highest common divisor of 813276 and 25092?
1476
Calculate the highest common divisor of 3774 and 4662.
222
What is the highest common factor of 11355 and 6960?
15
Calculate the highest common divisor of 316 and 15405.
79
Calculate the highest common divisor of 476 and 1101872.
68
What is the greatest common divisor of 837 and 562464?
837
Calculate the greatest common divisor of 1203770 and 3650.
730
Calculate the greatest common divisor of 35520 and 259.
37
What is the greatest common divisor of 286962 and 45846?
1698
Calculate the greatest common factor of 4 and 557372.
4
Calculate the greatest common factor of 240 and 11784.
24
What is the greatest common factor of 94855 and 1220?
305
Calculate the greatest common divisor of 97504 and 77.
11
Calculate the greatest common factor of 2943470 and 10.
10
What is the highest common factor of 240 and 595248?
48
Calculate the greatest common divisor of 36661 and 66110.
601
What is the highest common factor of 12 and 712514?
2
Calculate the highest common factor of 1160 and 1670980.
580
What is the highest comm